lculate k(5).
-7
Let v(n) be the second derivative of 2*n**3/3 - n. Let b be v(2). Suppose 0*h = a - 2*h, 5*a + b = 2*h. Let l(r) = -r - 1. Calculate l(a).
1
Let h(v) = 10*v. Let r(l) = l. Let w(i) = h(i) - 5*r(i). Let n(t) = 21*t + 9. Let p(m) = -n(m) + 5*w(m). What is p(9)?
27
Suppose -3*h = -2*k + 99, -75*h + 158 = -80*h + k. Let a(m) = 14*m + 431. Give a(h).
-3
Let g = -90 - -92. Let x(r) = r + 1 + 46*r**2 - 78*r**g + 34*r**2. Suppose -4*f + 2 + 10 = 0. What is x(f)?
22
Let q = 25 + -20. Let a be ((-12)/4)/(12/(-8)). Let u(d) = -58 + 52 + 0*d - d**3 + 7*d**2 + 4*d - 3*d**a. Determine u(q).
-11
Let k(n) = n**3 + 10*n**2 - 12*n + 14. Let w = -6036 + 6025. What is k(w)?
25
Let c(q) = -23*q + 70. Let u(x) = 2*x - 3. Let a(n) = -c(n) - 8*u(n). Determine a(6).
-4
Let q be -3*1 - (44 + 9). Let d be (6/7)/((-12)/q). Suppose 7 = -c + d*r + 28, -4*r = 2*c + 6. Let z(x) = -x**2 + 7*x - 5. Give z(c).
5
Let n(c) = -c**2 + 5*c + 15. Suppose -3*v + 12 = -2*v. Suppose 18*m = -4*j + 23*m + 52, -j - v = 5*m. What is n(j)?
-9
Suppose -4*w + 6*w = 2*t - 2, 0 = 5*t - 2*w + 13. Let y(z) be the first derivative of 1/4*z**4 + 1 + 2*z**3 + 3/2*z**2 + 4*z. Determine y(t).
14
Let u = -58835/3 - -19613. Let n(y) be the second derivative of 1/20*y**5 + 9*y + 3/2*y**2 + 0 - 5/6*y**4 + u*y**3. Determine n(9).
-6
Let a(y) = y**3 - 165*y**2 + 30*y - 105. Let z(h) = 2*h**3 - 353*h**2 + 60*h - 210. Let l(q) = -13*a(q) + 6*z(q). Calculate l(26).
1
Let y(o) = o**3 + 4*o**2 - 7*o + 6. Let n be y(-6). Let g = n + 22. Let r(l) = -7*l + 3. Let j(s) = -9*s + 4. Let u(t) = -2*j(t) + 3*r(t). Calculate u(g).
7
Let d(s) = -9*s - 2400*s**2 - 6 + 1201*s**2 + s**3 + 1195*s**2. Give d(6).
12
Let r be (50/8)/((-1)/20). Let f be (-33)/(-5) - (-75)/r. Let l(t) be the first derivative of -t**3/3 + t**2 + 2*t + 2. Calculate l(f).
-22
Let m = 17 + -8. Let j(h) be the third derivative of -h**4/24 + 5*h**3/3 + 69*h**2. What is j(m)?
1
Let v(d) = 19*d**2 - 17*d - 41. Let r be v(26). Let w(y) = 4*y**2 + y - r + y**3 + y**2 + 12361. Give w(-5).
-5
Let f(y) = 7*y + 128 - 18*y**2 + 19*y**2 + 123 - 253. Give f(-5).
-12
Suppose -2*k + 0 = -14. Let i(w) = 2*w**3 - 31*w**2 + 17*w + 14. Let d(x) = -3*x**3 + 48*x**2 - 26*x - 22. Let r(y) = 5*d(y) + 8*i(y). Calculate r(k).
-5
Let o be 4/(-1)*6/(-12). Suppose 0 = -o*y + 3*y - 1. Let w(u) = -u. Let v(k) = k**2. Let q(h) = y*v(h) - 6*w(h). Determine q(-3).
-9
Let o(x) = -x**3 - 4*x**2 - 5*x + 2. Let j(y) = -528*y + 3693. Let d be j(7). Give o(d).
8
Let g(o) = -683*o**3 - 570*o**2 - 5*o + 682*o**3 + 565*o**2. Give g(-4).
4
Let a(b) be the second derivative of -1/24*b**4 - 8*b + 3*b**2 - 3/10*b**5 + 0*b**3 + 0. Let y(s) be the first derivative of a(s). What is y(-1)?
-17
Suppose 18*h - 3 = -5*d + 17*h, -2 = 2*d + 2*h. Let g(f) = 19*f - 69*f + d - 2 + 24*f + 29*f. What is g(5)?
14
Let y(j) = 3*j**2 - 26*j + 33. Let h(b) = -5*b**2 + 21*b - 33. Let r(s) = 3*h(s) + 4*y(s). Determine r(-14).
19
Let c be (-10)/(-6) + 1/3. Suppose 4*n = -2*z - 4, -4*n + 3*z + 4 = -c. Let g be ((-40)/(-5))/(-2) - n. Let p(k) = -k**2 - 2*k. What is p(g)?
-8
Let n = 5400 - 5403. Let m(u) = u**3 + 3*u**2 - 3*u - 7. Determine m(n).
2
Suppose -d + 6 = -28*k + 26*k, 3*d = k + 3. Let c(r) = r**3 + 2*r + 13. Determine c(d).
13
Suppose -2674*m + 175 = -2649*m. Let h(x) = x**2 - 5*x - 3. Let q be h(6). Let l(c) = 0*c - 6 - 3 + q*c - 2*c. Calculate l(m).
-2
Let m be 1*3 - (3 + -4). Let d(u) be the first derivative of u**3/3 + u**2 - 4*u - 3783. Determine d(m).
20
Suppose i = -4*d - 8, -5*i + 2*d - 1 = -5. Let a(b) = 1 + 35*b**2 + i - b - 39*b**2. Suppose -6*u + 8 = -2*u. Determine a(u).
-17
Suppose 13 + 1 = 5*z + t, -4*z = 3*t - 20. Let c(h) = -8 - 3 - 2*h**3 + 0*h**3 - z*h + 9 - 3*h**2. Calculate c(-2).
6
Let z(y) be the first derivative of -13*y**3/3 + y - 1. Let x be ((-10)/(-2))/(-1) + (-36)/(-9). Determine z(x).
-12
Let i(w) = 22*w**2 - 51*w - 40. Let o be i(3). Let r(s) be the first derivative of 1/2*s**2 - 4*s + 1. Give r(o).
1
Let k(l) = -2*l**2 - 4. Let n(x) = -x**2 - 72*x - 276. Let v be n(-4). Determine k(v).
-36
Let r(x) = -23*x**3 - 24*x**2 - 3*x + 7. Let q(l) = -19*l**3 - 20*l**2 - 4*l + 7. Let s(i) = 6*q(i) - 5*r(i). Give s(-4).
-21
Let n = -3278 - -3271. Let r(h) = h**2 + 14*h + 9. Calculate r(n).
-40
Suppose 3*v - 36 = -2*o - 9, 45 = 5*v + o. Let i(z) = -z**3 + 8*z**2 + 4*z + 5. Determine i(v).
-40
Let f(b) = -5 + 3 + 0*b**2 - b + 0*b**2 + 4*b**2 - b**3. Suppose -4*v - 9*y = -4*y + 12, 0 = 4*v - 3*y - 20. Calculate f(v).
4
Let l(c) = -4*c + 5. Suppose -3*p = -2*z + 142, 3*z - p - 248 = -21. Suppose -3*b = -3*a - 74 + z, 3*a = b - 3. What is l(b)?
17
Let a(o) be the second derivative of -8*o**3/3 + 101*o**2/2 - o - 283. Determine a(6).
5
Suppose 115 = 2*r + 65. Let c(n) = -r - n - 3*n + 18 + 5. Give c(-2).
6
Let g = -609 + 616. Let l(c) be the second derivative of -4*c**2 + 0 - 5/6*c**3 + 7*c - 1/20*c**5 + 2/3*c**4. Determine l(g).
6
Let h(f) = -9*f**2 + 58*f - 14. Let p(z) = 117*z - 813. Let t be p(7). What is h(t)?
10
Let c(g) = 83*g**2 - 63*g**2 - 15*g**2 + 3*g - 4*g**2. Suppose -2 = -2*w, -z - w - 9 = -4*w. Determine c(z).
18
Let n = 19 + -16. Suppose 4*r - 3*r = -3, -15 = 4*d - n*r. Let h(l) be the second derivative of -l**5/20 - l**4/2 + l**3/6 + 2*l**2 + 34*l. What is h(d)?
-2
Let i(o) = -2*o + 2. Let c(f) = f**2 + 2*f - 42. Let r be c(-8). Suppose -22 = r*s - 17*s. What is i(s)?
-2
Let m(t) be the first derivative of t**2/2 + 8*t - 1691. Determine m(12).
20
Let z = 661 - 551. Suppose 0 = -66*h + 88*h - z. Let n(v) = -3*v**2 + 15*v - 7. Give n(h).
-7
Let p(y) = y**2 + 8*y + 8. Suppose 5*w = c - 324 + 1267, -3*w + 5*c + 579 = 0. Let q = -194 + w. What is p(q)?
-4
Suppose 28 = 4*c + 24. Let x(r) = -18*r**2 - 18*r**2 + 49*r**2 - 22*r**2 + c. Calculate x(1).
-8
Let y = 1460 - 1452. Suppose 2*v = v + 4. Let s(r) = 3*r**2 + 5*r + 16 - 5 - v*r**2. Give s(y).
-13
Let z(s) = -122*s**2 + 2*s - 3. Let c be z(1). Let r = 118 + c. Let f(i) = -i**3 - 6*i**2 - 6*i - 7. Give f(r).
-2
Let y(n) = 13*n**2 + 3*n - 11. Let t(i) = -12*i**2 - 3*i + 8. Let s(h) = 5*t(h) + 4*y(h). Give s(-1).
-9
Suppose 5*y + 0*l = -3*l + 57, l = 4*y - 32. Let t(g) = y + 0*g + 7 - 10 - g. What is t(7)?
-1
Let l be (24/(-10))/(-2)*(-34)/(1088/160). Let o(i) = i**3 + 7*i**2. Determine o(l).
36
Let f(n) be the second derivative of 0*n**2 - 1 - 62*n + 1/3*n**3. What is f(-3)?
-6
Let j(u) = 13*u**2 + 8*u - 7. Let t(y) = 1. Let o(w) = 24*w**2 + 15*w - 7. Let a(d) = o(d) - 6*t(d). Let z(q) = 6*a(q) - 11*j(q). Give z(-6).
23
Let c(a) = 24*a + 39. Suppose 0 = 24*l - 16 - 152. Let f(s) = 7*s + 12. Let w(d) = l*f(d) - 2*c(d). Suppose -5*t = -5*o - 20, -10 = o + t - 0. Give w(o).
-1
Let f(z) be the first derivative of -5*z**3 + 5*z**2/2 - 10*z - 6336. What is f(2)?
-60
Let b(f) = -7*f**3 + 5*f**2 + 8*f + 28. Let n(p) = 3*p**3 - 3*p**2 - 3*p - 18. Let c(m) = 2*b(m) + 5*n(m). Calculate c(6).
8
Let r(g) = -g**2 + g + 7. Let a(w) = -13*w + 5. Let f(y) = 10*y - 6. Let n(p) = -3*a(p) - 4*f(p). Let q be n(5). Determine r(q).
-5
Suppose 46 = -3*v - h, v - 15*h + 11*h = 2. Let k(g) = 2*g**2 + 30*g + 33. What is k(v)?
5
Let s(x) = x**3 - 3*x**2 - 6*x - 4. Let d = -2 - -22. Let k be 363/77 + (-4)/(-28)*2. Suppose -k*m - d = -2*c, 4*m + 33 = 6*c - c. What is s(c)?
16
Let f(d) = d**3 - 13*d**2 + 2*d - 38. Let h be (-16)/(-20)*75/10 - 7*-1. Give f(h).
-12
Let j(u) = -4*u - 1. Let d(a) = -a + 4. Let v(y) = y - 2. Let q(o) = d(o) + 2*v(o). Let h be q(5). What is j(h)?
-21
Let x = -229 - -236. Let l(b) = -2*b + 22. Let t(h) = -3*h + 19. Let d(v) = x*t(v) - 6*l(v). Determine d(-4).
37
Suppose -i - 5*h - 2 = 0, -5*i + 5*h + 145 - 65 = 0. Let m(x) = -49*x - 103 + 51*x + 79. Calculate m(i).
2
Let v(m) = -m**2 + 5*m - 4. Let b(u) = u - 19. Let q be b(-6). Let j = q - -16. Let t be 2*(j/6 - -3). Give v(t).
2
Suppose -3*s = 5*m - 107 + 29, 0 = -s + 8*m - 3. Let b(g) be the second derivative of 1/6*g**3 - s*g + 0 + 3/2*g**2. What is b(-2)?
1
Let h = -163 + 175. Let w(j) = -5 + 14 + h*j + j - 14*j. Determine w(10).
-1
Suppose -235 = 4*y - 239, -5 = p + 5*y. Let r(q) be the first derivative of q**3/3 + 6*q**2 - 3*q - 3. What is r(p)?
-23
Let l(b) = b**3 - 2*b**2 - 7*b - 12. Let x(f) = f**3 - 4*f**2 - 15*f - 28. Let h(m) = -5*l(m) + 2*x(m). Calculate 